f(s) = -7*s**3 + 701*s**2 - 105*s - 103. What is f(100)?
-603
Let r(x) = -76*x - 96. Give r(-1).
-20
Let x(u) = 9*u**2 - 627*u - 209. Calculate x(70).
1
Let q(h) = 12*h**2 + 60*h + 117. Calculate q(-4).
69
Let s(z) = -50*z - 42. What is s(6)?
-342
Let l(a) = -a**2 + 52*a - 482. Give l(11).
-31
Let y(b) = -2*b**2 - 334*b - 1609. What is y(-5)?
11
Let z(k) = 4*k**2 - 141*k - 499. Determine z(39).
86
Let g(b) = b**3 - 12*b**2 - 23*b - 62. Determine g(14).
8
Let r(s) = 9*s - 71. What is r(9)?
10
Let f(m) = m**3 + 2*m**2 - 47*m - 155. Give f(-5).
5
Let v(m) = -2*m**2 + 322*m + 2690. Calculate v(-8).
-14
Let q(f) = -114*f - 1053. Give q(-10).
87
Let d(s) = s**2 + 70*s + 690. Calculate d(-58).
-6
Let l(t) = -453*t - 4989. Determine l(-11).
-6
Let p(f) = -f**2 + 6*f - 4. Give p(11).
-59
Let t(v) = 2*v**3 - 61*v**2 - 35*v + 145. Determine t(31).
21
Let o(f) = -f**3 + 10*f**2 - 17*f - 20. Calculate o(8).
-28
Let u(m) = -m**3 + 191*m**2 + 2874*m - 834. Calculate u(205).
-14
Let c(x) = 79*x - 1255. Give c(16).
9
Let a(i) = 219*i + 432. What is a(-2)?
-6
Let z(g) = -g**3 + 38*g**2 - 315*g - 159. Determine z(13).
-29
Let n(a) = -2*a**3 - 5*a**2 + 112*a - 69. Calculate n(6).
-9
Let n(g) = -3086*g + 70988. Determine n(23).
10
Let w(q) = 635*q - 16502. What is w(26)?
8
Let n(t) = t**3 + 12*t**2 - 18*t - 45. Calculate n(-13).
20
Let y(w) = -7*w**2 + 10*w + 14. What is y(-6)?
-298
Let g(m) = -258*m + 1795. What is g(7)?
-11
Let z(m) = m**2 - 197*m - 2432. Determine z(-12).
76
Let a(g) = -5*g**2 - 109*g + 79. Calculate a(-20).
259
Let q(p) = -p**3 + 14*p**2 + 48*p - 866. What is q(13)?
-73
Let i(p) = p**2 - 84*p + 211. Calculate i(80).
-109
Let q(t) = -25*t**2 + 985*t - 986. Calculate q(1).
-26
Let v(t) = -t**2 + 48*t - 580. Determine v(21).
-13
Let l(y) = -32*y + 259. What is l(4)?
131
Let d(g) = -2*g**2 - 402*g - 19. What is d(-201)?
-19
Let w(q) = 336*q - 1667. Determine w(5).
13
Let l(t) = 2*t**2 + 34*t - 283. Calculate l(-23).
-7
Let k(x) = -x**2 - 4*x + 29. Give k(9).
-88
Let m(c) = -2*c**3 + 31*c**2 - 15*c - 16. Calculate m(15).
-16
Let q(t) = -3*t**2 + 226*t + 8956. What is q(104)?
12
Let l(a) = 57*a**3 + a**2 + 20*a + 20. What is l(-1)?
-56
Let l(b) = b**3 - 43*b**2 - 50*b + 260. Calculate l(44).
-4
Let o(z) = -29*z - 3746. Determine o(-132).
82
Let c(q) = -5*q**3 - 153*q**2 + 62*q + 17. Determine c(-31).
17
Let p(r) = -205*r - 6498. Determine p(-31).
-143
Let t(c) = 350*c - 3845. Determine t(11).
5
Let p(m) = m**3 + 18*m**2 + 61*m - 91. Give p(-13).
-39
Let l(o) = 16*o**2 - 20*o + 20. Give l(1).
16
Let a(v) = 17*v - 325. Give a(20).
15
Let m(j) = j**3 + j**2 - 8*j + 4. Give m(4).
52
Let r(n) = -n**3 + 13*n**2 - 42*n + 5. Give r(6).
5
Let u(d) = -d**2 + 27*d + 104. What is u(-16)?
-584
Let i(s) = s**3 + 54*s**2 - 233*s - 45. Give i(-58).
13
Let j(c) = 5*c**3 + 2*c**2 + 29*c + 104. Calculate j(-3).
-100
Let f(d) = -7*d**3 + 4*d**2 + 24*d - 83. Determine f(3).
-164
Let y(f) = 9*f**2 - 482*f - 731. What is y(55)?
-16
Let v(a) = -a**3 - 51*a**2 + 63*a + 235. Determine v(-52).
-337
Let b(c) = -31*c + 171. Determine b(5).
16
Let w(s) = 5718*s + 34304. Give w(-6).
-4
Let r(c) = -c**3 - 12*c**2 - 33*c - 258. What is r(-9)?
-204
Let d(l) = -2*l**2 + 194*l - 206. Give d(96).
-14
Let c(o) = 3*o - 181. Determine c(29).
-94
Let b(m) = -m**2 + 30*m - 238. Calculate b(11).
-29
Let g(r) = -r**2 + 24*r - 125. Give g(16).
3
Let n(f) = 15*f - 151. Calculate n(10).
-1
Let x(d) = d**3 - 6*d**2 - 80*d + 435. Determine x(5).
10
Let m(o) = o**2 + 47*o + 757. What is m(-21)?
211
Let x(g) = -2167*g + 6503. Calculate x(3).
2
Let h(p) = 6*p**2 - 7*p - 31. What is h(12)?
749
Let b(m) = 2*m**3 + 26*m**2 - 4*m - 40. Determine b(-13).
12
Let d(f) = 9*f + 41. Give d(-14).
-85
Let a(f) = -182*f + 13289. Give a(73).
3
Let h(p) = -18*p**2 - 214. Determine h(0).
-214
Let t(q) = -4*q**2 + 164*q - 143. Calculate t(40).
17
Let y(g) = 2*g**3 - 150*g**2 + 155. Determine y(75).
155
Let u(n) = -9*n**2 - 76*n - 37. Determine u(-8).
-5
Let v(a) = -a**3 - 13*a**2 - 19*a - 513. Determine v(-14).
-51
Let i(n) = 35*n - 369. What is i(15)?
156
Let j(f) = 8*f**3 - 112*f**2 - 6*f + 49. Give j(14).
-35
Let x(l) = 2*l**3 + 14*l**2 - 10*l + 7. Determine x(-8).
-41
Let n(i) = 4*i**3 - 7*i**2 - 79*i + 67. Determine n(5).
-3
Let h(q) = 2*q**2 + 286*q - 2106. Calculate h(7).
-6
Let f(v) = v**3 + 11*v**2 + 31*v + 5. Calculate f(-6).
-1
Let y(k) = -k**3 + 41*k**2 + 56*k - 581. Determine y(42).
7
Let i(f) = -34*f + 99. Determine i(4).
-37
Let t(o) = 22*o - 221. Give t(9).
-23
Let h(k) = 13*k - 107. Calculate h(11).
36
Let n(z) = -183*z + 2392. Give n(13).
13
Let n(c) = 2*c**2 - 181*c + 367. What is n(2)?
13
Let b(n) = -161*n + 322. Calculate b(6).
-644
Let u(b) = b**3 - 3*b**2 + 212*b - 1343. Determine u(6).
37
Let b(s) = 2*s**2 - 68*s + 61. Give b(29).
-229
Let h(q) = q**2 + 26*q - 416. Calculate h(-41).
199
Let a(x) = -2*x**2 + 58*x - 217. What is a(25)?
-17
Let d(r) = 95*r + 1582. Calculate d(-16).
62
Let h(t) = 29*t + 1916. Give h(-67).
-27
Let c(s) = s**3 - 36*s**2 - 38*s - 65. Determine c(37).
-102
Let p(f) = -46*f - 233. What is p(7)?
-555
Let l(z) = 13*z + 355. Calculate l(-17).
134
Let y(x) = -32*x - 31. Give y(-2).
33
Let m(d) = -1451*d + 124778. Determine m(86).
-8
Let z(s) = 718*s - 8619. Give z(12).
-3
Let z(u) = 2*u**2 - 340*u + 3223. Give z(10).
23
Let f(i) = -i**3 - 49*i**2 - 32*i - 1573. Give f(-49).
-5
Let q(j) = -74*j - 135. What is q(-8)?
457
Let j(b) = 903*b + 47843. Determine j(-53).
-16
Let w(s) = -s**3 - 19*s**2 - 15*s - 290. Calculate w(-19).
-5
Let g(p) = 3896*p - 4. Determine g(0).
-4
Let h(a) = -3*a**3 - 12*a**2 - 13*a - 11. Give h(-4).
41
Let y(s) = -2*s**3 + 66*s**2 - 5*s + 161. Give y(33).
-4
Let c(k) = -377*k + 8278. Determine c(22).
-16
Let k(v) = v**2 - 35*v + 176. What is k(23)?
-100
Let p(r) = 128*r - 636. Give p(5).
4
Let o(m) = -8*m**2 + 173*m - 633. Give o(16).
87
Let o(l) = l**2 + 8*l - 77. Give o(-13).
-12
Let a(t) = -3*t**3 - 4*t**2 - 70*t - 210. Give a(-3).
45
Let m(o) = o**2 - 32*o - 617. What is m(47)?
88
Let t(x) = -14*x**2 + 661*x - 148. Calculate t(47).
-7
Let h(g) = g**3 - 10*g**2 - 2*g + 12. Determine h(4).
-92
Let u(s) = -2156*s + 6471. Calculate u(3).
3
Let g(d) = -d**2 + 12*d - 73. Calculate g(11).
-62
Let k(l) = -131*l + 128. Calculate k(1).
-3
Let s(m) = -3*m**2 - 20*m + 88. What is s(-10)?
-12
Let q(b) = 129*b**2 + 94*b - 91. Give q(1).
132
Let f(q) = -q**2 + 4906*q + 34399. Give f(-7).
8
Let y(c) = c**3 - 20*c**2 - 160*c - 46. Give y(-6).
-22
Let p(c) = -2*c**3 + 9*c**2 + 5*c - 24. What is p(0)?
-24
Let b(a) = -8*a**2 - 18*a - 38. Give b(-2).
-34
Let q(a) = -3*a**3 + 10*a**2 - 20*a + 47. Determine q(6).
-361
Let v(n) = 119*n + 245. Determine v(-5).
-350
Let a(c) = -c**2 - c + 144. What is a(0)?
144
Let g(l) = 34*l - 52. What is g(4)?
84
Let h(p) = -p**3 - 6*p**2 + 2*p + 42. What is h(-5)?
7
Let d(a) = -49*a**3 - 13*a**2 - 13*a - 1. Determine d(-1).
48
Let b(t) = -956*t - 4748. Calculate b(-5).
32
Let z(c) = -1450*c + 47838. What is z(33)?
-12
Let p(m) = -m**2 + 2019*m - 22089. What is p(11)?
-1
Let u(f) = 722*f - 2981. Calculate u(4).
-93
Let w(i) = i**3 + 15*i**2 - 39*i - 88. What is w(-17)?
-3
Let l(c) = c**2 + 17*c - 804. Calculate l(21).
-6
Let v(p) = 2*p**2 + 207*p + 5129. Calculate v(-41).
4
Let t(c) = 5*c**2 - c - 123. Determine t(8).
189
Let q(k) = 14*k**2 - 310*k - 2. Calculate q(22).
-46
Let h(a) = 15*a**2 - 317*a + 631. Calculate h(2).
57
Let o(c) = 49*c**3 - 1081*c**2 + 64*c + 48. What is o(22)?
4
Let j(y) = -20*y**2 - 285*y + 557. Give j(-16).
-3
Let m(i) = 2*i**2 + 140*i - 427. Determine m(-73).
11
Let h(i) = i**3 + 3*i**2 - 12*i + 104. What is h(-7)?
-8
Let a(o) = 30527*o - 61041. What is a(2)?
13
Let h(y) = y**2 + 21*y + 5. Determine h(-25).
105
Let b(o) = 938*o + 3577. Give b(-4).
-175
Let x(a) = 81*a + 250. Determine x(-3).
7
Let x(l) = -118*l - 164. Calculate x(-4).
308
Let s(w) = 2*w**2 - 43*w + 292. Determine s(20).
232
Let h(k) = 46*k + 215. What is h(-8)?
-153
Let c(i) = -2*i**2 - 27*i + 8. Give c(-14).
-6
Let i(j) = 4*j**2 + 182*j + 1364. Calculate i(-36).
-4
Let j(o) = 84*o + 6903. Calculate j(-82).
15
Let i(m) = -2*m**3 - 26*m**2 + 33*m - 19. What is i(-14)?
-89
Let x(d) = 2*d**3 + 7*d**2 + 397*d + 1199. Calculate x(-3).
17
Let i